784 = a*t. Is h composite?
False
Let u = 32641 - 21818. Is u prime?
False
Let s = -1 - -6. Suppose 0 = s*l + 4*y + 1060, 4*l - 7*y + 3*y + 812 = 0. Is (l/4)/(-1) + 1 prime?
True
Suppose 0 = -15*i - 0*i + 88455. Is i a prime number?
True
Let i(d) = -3*d**2 + 8*d + 3. Let v(j) = -5*j**2 + 16*j + 6. Let u(t) = -11*i(t) + 6*v(t). Suppose 4*y = w + 21, 0*y - 5*w = 3*y - 33. Is u(y) prime?
False
Suppose 4*x - 24270 = 2*r, -19*x + 2*r = -18*x - 6069. Is x composite?
False
Suppose -5*r + 6710 = -9065. Is r a composite number?
True
Suppose u - 28295 = 12*k - 13*k, 5*u = 10. Is k composite?
True
Let j(k) = 2*k - 473*k**2 + 472*k**2 + 35 + 11 + 12. Let q = 0 + 0. Is j(q) composite?
True
Let i be (-8)/20 - 54/(-10). Let m be i - 0 - (-1 + 4). Suppose -z = -m, -4*z - 1220 = -5*y + y. Is y a composite number?
False
Suppose 3*j = 2*j + 5, -5*d + 115960 = 3*j. Is d a composite number?
False
Suppose 2*b - 2*i - 18394 = 0, 4 = -5*i + 7*i. Is b prime?
True
Let c(o) = o**2 - 11*o - 16. Let n be c(13). Let y be 0*5/n - 81. Let f = y - -134. Is f a composite number?
False
Let p(h) = h**2 + 14*h - 9. Let m be p(-15). Let s(o) = 24*o**2 + 4*o - 1. Is s(m) a prime number?
True
Let x = 11 + -9. Suppose x*w + w = 0. Suppose w = 4*j - 352 - 156. Is j a composite number?
False
Let f = -74 - -74. Let m(i) = -2*i**2 - i + 751. Is m(f) prime?
True
Suppose -4*w = -5*j - 305933, -2*w - 44*j + 47*j + 152969 = 0. Is w a composite number?
True
Suppose 3*j + 3*u = -2*j + 32612, 2*j - 5*u = 13051. Is j a prime number?
False
Let t = -3403 - -6260. Is t a prime number?
True
Let m(t) = 274*t**2 + 6*t - 13. Is m(3) a composite number?
True
Suppose 0 = -4*r - 80245 - 229687. Is r/(-35) - 2*2/5 a composite number?
False
Suppose -j + 5 = 19. Let o be ((-40)/(-70))/((-4)/j). Suppose -o*a + 70 = -m, -5*a - 3*m + 194 = -3. Is a a prime number?
True
Let g(w) = 127*w. Suppose 0 = -4*a - m + 8, -4*a + 3*m - m = 4. Is g(a) prime?
True
Let x be (-3982)/(-1) + (1 - -2). Let d = 2649 - x. Is d/(-20) - (-2)/10 prime?
True
Suppose 0 = 4*l - 0*l - 12. Suppose -4*s = l*t - 29, 2*s = 6*s - 4*t - 8. Is (-21798)/(-35) + 1/s a prime number?
False
Let p(i) be the third derivative of 0 + 2*i**2 + 0*i - 1/4*i**4 + 17/6*i**3. Is p(-12) a composite number?
False
Let y be (-135)/10*4/(-6). Let j(n) = 94*n + 41. Is j(y) composite?
False
Let s = 8401 + -5522. Is s a composite number?
False
Let w be 29 - -1 - (4/(-2) - 0). Suppose 8*c = -w + 400. Is c prime?
False
Is (3622/(-4))/((3/(-2))/3) composite?
False
Is 145910/4*22/55 a prime number?
True
Suppose 3*y + 9 = 0, 3 = 4*x - 5*y - 12. Let j(u) = -u**2 + u. Let m be j(x). Is (m - 3) + (135 - -2) prime?
False
Let f be -12*(-16)/12 + 1 + -2. Let y(h) = 7*h**2 - 2*h - 10. Is y(f) a composite number?
True
Suppose -4*q + 3118 = o, -q + 0*q + 3*o = -786. Suppose -r + 571 = -q. Is r composite?
True
Let f(k) = -k - 1. Let x(a) = 5*a. Let j(b) = -6*f(b) - x(b). Let v be j(-4). Suppose -v*g + 659 + 239 = 0. Is g composite?
False
Is 2*75177/(-36)*-2 prime?
True
Suppose f - 6*f + 1515 = 0. Suppose -328 = -o + f. Is o prime?
True
Let q = -4261 + 6388. Let k = 3196 - q. Is k prime?
True
Let u(v) be the third derivative of -v**7/140 - v**6/90 + v**4/24 - 5*v**3/6 + 3*v**2. Let b(t) be the first derivative of u(t). Is b(-3) prime?
True
Suppose -u + 6551 = 3*a, -4*u + 9*u = 3*a - 6539. Is a a prime number?
False
Let j(c) = 10*c**2 + 36*c - 15. Let i = -3 - 13. Is j(i) a composite number?
True
Let o(g) be the third derivative of -g**5/30 + g**4 - 5*g**3/2 - 14*g**2. Is o(11) a composite number?
False
Let t be 58*3/(-9)*3. Let b = t + 321. Is b a composite number?
False
Let z(m) = 2*m + 8. Let k be z(-4). Suppose k = 2*b - 4*l - 454, -2 - 2 = -l. Is b a composite number?
True
Suppose 0 = 15*c + 17 - 47. Let t(g) = -g**3 + 5*g**2 + 3. Let s be t(5). Suppose 0 = -2*l + j + 324, -s*j = -c*l + 2*j + 332. Is l a composite number?
True
Let i(z) = -4*z - 4. Let o be i(7). Let k be (o/(-16))/((-4)/318). Let c = -76 - k. Is c prime?
True
Let w(a) = -512*a**2 + 3*a + 1. Let m be w(-1). Let o = m - -933. Is o composite?
False
Let u(y) = 45*y - 2. Let q be u(4). Is q*(0 + 2/4) a composite number?
False
Let p(z) = 320*z - 5. Suppose -5*l = -2*t - 13, 16 = 3*l + l + 4*t. Is p(l) composite?
True
Suppose 203*i - 134350 = 193*i. Is i a composite number?
True
Let n = -10 + 34. Let z be -3 - -2 - n/(-2). Suppose -z*x - 284 = -15*x. Is x prime?
True
Suppose -16 = -4*b - 4. Suppose -q + b*q = -172. Is q/(-3 - 0 - -1) a composite number?
False
Suppose 4*c + 40 = 6*a - a, a - 8 = 2*c. Let i be 313 - (-1 + a/4). Suppose -2*l + i = r, -l + 180 - 25 = r. Is l prime?
True
Let v(a) = 1103*a**3 - 5*a**2 + 6*a - 3. Is v(2) a composite number?
True
Suppose 50*x = 44*x + 2694. Is x a composite number?
False
Suppose 9282 = 6*j - 6600. Is j prime?
True
Let i = 1009 - 1004. Suppose -2*s = 2*v - 4*v - 138, -4*s - 2*v = -258. Suppose 0 = a + i*g - 132, 5*g + s = a - 56. Is a prime?
True
Let d(c) = 26*c**2 + 108*c + 338. Is d(-44) a composite number?
True
Let u(s) = s**3 + 5*s**2 - 3*s + 20. Is u(7) a composite number?
False
Suppose -17 = 4*n + 3*m, -3*m = -3*n + 2*n - 23. Let o(c) = -c**3 + 13*c**2 - 4*c - 13. Is o(n) prime?
False
Is (6*(-4)/8 - -2)*-18341 composite?
False
Suppose -2*m - 742 = -2*y, -1486 = -10*y + 6*y + 3*m. Is y a prime number?
True
Let p(b) = 429*b**3 + 8*b**2 - 13*b + 7. Let u be p(5). Suppose 7*v - u = -0*v. Is v prime?
True
Let p = -2009 - -3018. Is p a prime number?
True
Suppose 8*y - 5848 - 2592 = 0. Is y a composite number?
True
Let t(u) = -4*u**3 + 12*u**2 - 3*u + 27. Is t(-28) a prime number?
True
Let t(d) = 198*d**2 + 7*d - 8. Is t(3) composite?
True
Is 1606959/135 + 4/(-10) composite?
False
Let i be (-2)/(0 - (-2)/(-3)). Let c(n) = n**3 - n**i + 4 + n**3 + 3*n**2 - 3*n - 6*n. Is c(7) composite?
False
Let h = 6008 - 3913. Is h a prime number?
False
Let m(n) = -242*n + 51. Is m(-7) prime?
False
Suppose 3*q - 3*b - 25947 = 0, -15*b = 3*q - 16*b - 25957. Is q a composite number?
True
Let y(r) = 975*r - 272. Is y(6) a composite number?
True
Let l be (-2)/1*1 - -6. Let d = -80 - -80. Suppose d = l*o - 28. Is o composite?
False
Is (28 - 33)*(-1502 - -3) composite?
True
Let q(z) = 15*z + z + 2*z**2 + 12*z - z + 6. Is q(17) a composite number?
True
Is 3 - 2 - -14257*1 - -5 a prime number?
False
Let j(l) = 15*l**2 - 39*l + 25. Let p(y) = 8*y**2 - 20*y + 13. Let c(v) = 6*j(v) - 11*p(v). Is c(-10) a prime number?
True
Let o = 0 - 4. Let c be (18/2 + o)*34. Suppose -u + c = u. Is u prime?
False
Suppose -3*b + b = 80. Let k be b/(-3)*192/10. Let t = 99 + k. Is t a prime number?
False
Suppose 14*i = 17*i - 6828. Suppose 5*f - i = f. Let p = -318 + f. Is p composite?
False
Suppose 3*t = 12 - 36. Let u(f) = -50*f. Let g(q) = 51*q - 1. Let s(c) = 3*g(c) + 4*u(c). Is s(t) a prime number?
True
Let q = 7361 + -13392. Let g = -2372 - q. Is g composite?
False
Let w = -197 - -682. Is w a prime number?
False
Suppose 4806 = 4*c + 2*c. Suppose -c = -2*a - a. Let u = a + -82. Is u a composite number?
True
Suppose -1526*m - 663528 = -1538*m. Is m a composite number?
True
Suppose -3*s + 0 = -6. Suppose -s*m - m = -1257. Is m a composite number?
False
Suppose -8*v = 3518 - 15342. Let j be 21/(-14) - v/(-4). Let d = 545 - j. Is d a composite number?
True
Let s(a) be the third derivative of a**5/30 - a**4/12 + 2*a**3/3 - 3*a**2. Let p be s(5). Let b = 97 - p. Is b composite?
False
Suppose -3*v + 615 = -381. Let t = 1035 + v. Suppose -w = -o + 295, 0 = 5*o - w - t - 92. Is o a prime number?
False
Suppose -92 = -4*w + 4*v, 0 = 4*w - 3*v - 0*v - 91. Suppose w*x = 25*x - 111. Is x composite?
False
Suppose -4*l - 2*f - 10 = 6, -2*l - 2*f - 12 = 0. Is l*422*1/(-4) prime?
True
Is 9 + 2262 + 2 + -4 a composite number?
False
Suppose 4225 + 4946 = 9*x. Is x a composite number?
False
Suppose 0 = s - 2*s. Suppose -4*m = -s*m - 1996. Is m a composite number?
False
Let t = 3101 - -4950. Is t a composite number?
True
Let g be 49114/8 + -5 + 23/4. Let m = -3607 + g. Is m composite?
True
Let d(t) = -2*t**2 - 15*t + 5. Let i be d(-7). Let z(o) = 15 - o**3 + 7*o**2 + 11*o + 8*o**2 - 6. Is z(i) a composite number?
True
Is (-10)/8 + (-614874)/(-104) composite?
True
Suppose -w - w = -6. Suppose -2*t + 2138 = -w*p, 5*p + 4286 = 4*t + 4*p. 